{"id":985,"date":"2015-06-08T15:38:45","date_gmt":"2015-06-08T14:38:45","guid":{"rendered":"http:\/\/latitudsur.org\/developpement\/?page_id=985"},"modified":"2015-06-08T15:38:45","modified_gmt":"2015-06-08T14:38:45","slug":"protection-de-la-biodiversite-amazonienne-avec-le-selva-viva","status":"publish","type":"page","link":"https:\/\/latitudsur.org\/developpement\/nos-missions\/sante-education\/protection-de-la-biodiversite-amazonienne-avec-le-selva-viva\/","title":{"rendered":"Protection de la biodiversit\u00e9 amazonienne avec le Selva Viva"},"content":{"rendered":"<p><\/p>\n<table border=\"0\" cellpadding=\"3\">\n<tbody>\n<tr>\n<td colspan=\"2\">\n<div>\n<h4 align=\"left\"><img loading=\"lazy\" src=\"\/..\/..\/..\/wp-content\/uploads\/sites\/2\/2015\/06\/santeeducation.jpg\" alt=\"santeeducation\" width=\"71\" height=\"64\" \/> FICHE PROJET &#8211; SANT\u00c9 ET \u00c9DUCATION<\/h4>\n<\/div>\n<\/td>\n<\/tr>\n<tr>\n<td><img loading=\"lazy\" src=\"\/..\/..\/wp-content\/uploads\/sites\/2\/2015\/06\/encours.jpg\" alt=\"en cours\" width=\"114\" height=\"58\" align=\"absMiddle\" \/><\/td>\n<td bgcolor=\"#ffff99\">Pays d&#39;action : PEROU<br \/>\nDate de d\u00e9but : Juin 2007<br \/>\nDur\u00e9e : 5 ans<\/td>\n<\/tr>\n<tr>\n<td bgcolor=\"#e3f09d\" width=\"27%\">\n<h4>Objectif g\u00e9n\u00e9ral<\/h4>\n<\/td>\n<td bgcolor=\"#e3f09d\">Renforcer la capacit\u00e9 des populations locales dans la conservation et la gestion durable de la biodiversit\u00e9 et de leurs territoires, le long des fleuves du Loreto gr\u00e2ce au d\u00e9placement du bateau \u00abLe SELVA VIVA\u00bb.<\/td>\n<\/tr>\n<tr>\n<td>\n<h4>Objectifs sp\u00e9cifiques<\/h4>\n<\/td>\n<td>\n<ul>\n<li>4 axes : gestion des for\u00eats primaires, agroforesterie, plantes m\u00e9dicinales, tourisme solidaire<\/li>\n<li>Former les communaut\u00e9s et en particulier des agents de sant\u00e9 \u00e0 la pr\u00e9paration de m\u00e9dicaments traditionnels am\u00e9lior\u00e9s (MTA) gr\u00e2ce \u00e0 des herboristes locaux<\/li>\n<li>Identifier et mettre en place des micro-projets de d\u00e9veloppement \u00e9conomique qui pr\u00e9servent la biodiversit\u00e9, en partenariat avec les ONG locales<\/li>\n<li>D\u00e9velopper un r\u00e9seau d\u2019\u00e9changes sur les savoirs traditionnels en mati\u00e8re de gestion des ressources de la for\u00eat et de vente de produits transform\u00e9s<\/li>\n<\/ul>\n<\/td>\n<\/tr>\n<tr>\n<td bgcolor=\"#e3f09d\">\n<h4>Zone d\u2019action<\/h4>\n<\/td>\n<td bgcolor=\"#e3f09d\">\n<ul>\n<li>Province amazonienne du Loreto<\/li>\n<\/ul>\n<\/td>\n<\/tr>\n<tr>\n<td>\n<h4>B\u00e9n\u00e9ficiaires<\/h4>\n<\/td>\n<td>\n<ul>\n<li>Communaut\u00e9s riveraines du bassin nord-amazonien (100.000 &#8211; 200.000)<\/li>\n<\/ul>\n<\/td>\n<\/tr>\n<tr>\n<td bgcolor=\"#e3f09d\">\n<h4>Organisation porteuse du projet<\/h4>\n<\/td>\n<td bgcolor=\"#e3f09d\">\n<ul>\n<li> ARUTAM<\/li>\n<\/ul>\n<\/td>\n<\/tr>\n<tr>\n<td>\n<h4>Partenariats locaux<\/h4>\n<\/td>\n<td>\n<ul>\n<li>LATITUD SUR<\/li>\n<li>CICDA<\/li>\n<li>CEDIA<\/li>\n<li>REDCOCAM<\/li>\n<\/ul>\n<\/td>\n<\/tr>\n<tr>\n<td bgcolor=\"#e3f09d\">\n<h4>Partenariats internationaux<\/h4>\n<\/td>\n<td bgcolor=\"#e3f09d\">\n<ul>\n<li>Fondation Audemars-Piguet (Suisse)<\/li>\n<li>FSS (Suisse)<\/li>\n<\/ul>\n<\/td>\n<\/tr>\n<tr>\n<td>\n<h4>Soutiens institutionnels<\/h4>\n<\/td>\n<td>\n<ul>\n<li>IIAP (Institut d\u2019Investigation d\u2019Amazonie P\u00e9ruvienne)<\/li>\n<li>UNAP (Universit\u00e9 Nationale d\u2019Amazonie P\u00e9ruvienne)<\/li>\n<li>GOREL (Gouvernement R\u00e9gional du Loreto)<\/li>\n<li>DISA (Direction de Sant\u00e9 du Loreto)<\/li>\n<li>AIDESEP (Conf\u00e9d\u00e9ration autochtone du P\u00e9rou)<\/li>\n<li>IRD (Institut de Recherche et D\u00e9veloppement) &#8211; France<\/li>\n<\/ul>\n<\/td>\n<\/tr>\n<tr>\n<td bgcolor=\"#e3f09d\">\n<h4>R\u00e9sultats obtenus<br \/>\n(ou attendus)<\/h4>\n<\/td>\n<td bgcolor=\"#e3f09d\">\n<ul>\n<li>Identification des besoins en mati\u00e8re de sant\u00e9, d\u00e9veloppement et gestion des ressources naturelles sur les fleuves Pastaza et Mara\u00f1on<\/li>\n<li>Cr\u00e9ation d\u2019un r\u00e9seau d\u2019ONG locales et de jardins botaniques<\/li>\n<li>Partage d\u2019une banque de donn\u00e9es sur les savoirs traditionnels<\/li>\n<li>Am\u00e9lioration des conditions de vie des populations riveraines par des projets de d\u00e9veloppement compatibles avec la conservation des for\u00eats<\/li>\n<\/ul>\n<\/td>\n<\/tr>\n<tr>\n<td>\n<h4>Site web de r\u00e9f\u00e9rence<\/h4>\n<\/td>\n<td>\n<ul>\n<li><a href=\"http:\/\/www.latitudsur.org\/\">http:\/\/www.latitudsur.org\/<\/a><\/li>\n<\/ul>\n<\/td>\n<\/tr>\n<tr>\n<td bgcolor=\"#e3f09d\">\n<h4>Actions en cours<\/h4>\n<\/td>\n<td bgcolor=\"#e3f09d\">\n<ul>\n<li>Recherche de cofinancement pour la phase 2 et poursuite du recensement<\/li>\n<\/ul>\n<\/td>\n<\/tr>\n<\/tbody>\n<\/table>\n<p><img loading=\"lazy\" src=\"\/..\/..\/wp-content\/uploads\/sites\/2\/2015\/09\/image-projet-santeedu-selva.jpg\" alt=\"image-projet-santeedu-selva\" width=\"671\" height=\"155\" \/><\/td>\n<\/tr>\n<\/tbody>\n<\/table>\n<p><\/p>","protected":false},"excerpt":{"rendered":"<p>FICHE PROJET &#8211; SANT\u00c9 ET \u00c9DUCATION Pays d&#39;action : PEROU Date de d\u00e9but : Juin 2007 Dur\u00e9e : 5 ans Objectif g\u00e9n\u00e9ral Renforcer la capacit\u00e9 des populations locales dans la conservation et la gestion durable de la biodiversit\u00e9 et de<span class=\"ellipsis\">&hellip;<\/span><\/p>\n<div class=\"read-more\"><a href=\"https:\/\/latitudsur.org\/developpement\/nos-missions\/sante-education\/protection-de-la-biodiversite-amazonienne-avec-le-selva-viva\/\">Lire la suite &#8250;<\/a><\/div>\n<p><!-- end of .read-more --><\/p>\n","protected":false},"author":1,"featured_media":0,"parent":74,"menu_order":0,"comment_status":"closed","ping_status":"open","template":"template-page.php","meta":[],"_links":{"self":[{"href":"https:\/\/latitudsur.org\/developpement\/wp-json\/wp\/v2\/pages\/985"}],"collection":[{"href":"https:\/\/latitudsur.org\/developpement\/wp-json\/wp\/v2\/pages"}],"about":[{"href":"https:\/\/latitudsur.org\/developpement\/wp-json\/wp\/v2\/types\/page"}],"author":[{"embeddable":true,"href":"https:\/\/latitudsur.org\/developpement\/wp-json\/wp\/v2\/users\/1"}],"replies":[{"embeddable":true,"href":"https:\/\/latitudsur.org\/developpement\/wp-json\/wp\/v2\/comments?post=985"}],"version-history":[{"count":1,"href":"https:\/\/latitudsur.org\/developpement\/wp-json\/wp\/v2\/pages\/985\/revisions"}],"predecessor-version":[{"id":986,"href":"https:\/\/latitudsur.org\/developpement\/wp-json\/wp\/v2\/pages\/985\/revisions\/986"}],"up":[{"embeddable":true,"href":"https:\/\/latitudsur.org\/developpement\/wp-json\/wp\/v2\/pages\/74"}],"wp:attachment":[{"href":"https:\/\/latitudsur.org\/developpement\/wp-json\/wp\/v2\/media?parent=985"}],"curies":[{"name":"wp","href":"https:\/\/api.w.org\/{rel}","templated":true}]}}